{"id":145,"date":"2022-10-05T18:22:03","date_gmt":"2022-10-05T16:22:03","guid":{"rendered":"https:\/\/studienstiftung.kd-files.de\/?page_id=145"},"modified":"2023-10-23T16:29:09","modified_gmt":"2023-10-23T14:29:09","slug":"initiatoren","status":"publish","type":"page","link":"https:\/\/studienstiftung.kd-files.de\/?page_id=145","title":{"rendered":"Initiatoren"},"content":{"rendered":"\t\t<div data-elementor-type=\"wp-page\" data-elementor-id=\"145\" class=\"elementor elementor-145\" data-elementor-post-type=\"page\">\n\t\t\t\t\t\t\t\t\t<section class=\"elementor-section elementor-top-section elementor-element elementor-element-5b37d9ec elementor-section-height-min-height elementor-section-boxed elementor-section-height-default elementor-section-items-middle\" data-id=\"5b37d9ec\" data-element_type=\"section\" data-settings=\"{&quot;background_background&quot;:&quot;classic&quot;}\">\n\t\t\t\t\t\t<div class=\"elementor-container elementor-column-gap-no\">\n\t\t\t\t\t<div class=\"elementor-column elementor-col-100 elementor-top-column elementor-element elementor-element-6ae6418\" data-id=\"6ae6418\" data-element_type=\"column\" data-settings=\"{&quot;background_background&quot;:&quot;classic&quot;}\">\n\t\t\t<div class=\"elementor-widget-wrap elementor-element-populated\">\n\t\t\t\t\t\t\t\t<div class=\"elementor-element elementor-element-68da6cf5 elementor-widget elementor-widget-heading\" data-id=\"68da6cf5\" data-element_type=\"widget\" data-widget_type=\"heading.default\">\n\t\t\t\t<div class=\"elementor-widget-container\">\n\t\t\t<style>\/*! elementor - v3.17.0 - 25-10-2023 *\/\n.elementor-heading-title{padding:0;margin:0;line-height:1}.elementor-widget-heading .elementor-heading-title[class*=elementor-size-]>a{color:inherit;font-size:inherit;line-height:inherit}.elementor-widget-heading .elementor-heading-title.elementor-size-small{font-size:15px}.elementor-widget-heading .elementor-heading-title.elementor-size-medium{font-size:19px}.elementor-widget-heading .elementor-heading-title.elementor-size-large{font-size:29px}.elementor-widget-heading .elementor-heading-title.elementor-size-xl{font-size:39px}.elementor-widget-heading .elementor-heading-title.elementor-size-xxl{font-size:59px}<\/style><h2 class=\"elementor-heading-title elementor-size-default\">Akademiker&shy;f\u00f6rderung hat bei uns Tradition.<\/h2>\t\t<\/div>\n\t\t\t\t<\/div>\n\t\t\t\t\t<\/div>\n\t\t<\/div>\n\t\t\t\t\t\t\t<\/div>\n\t\t<\/section>\n\t\t\t\t<section class=\"elementor-section elementor-top-section elementor-element elementor-element-7b0bb9d2 elementor-reverse-mobile elementor-section-boxed elementor-section-height-default elementor-section-height-default\" data-id=\"7b0bb9d2\" data-element_type=\"section\">\n\t\t\t\t\t\t<div class=\"elementor-container elementor-column-gap-default\">\n\t\t\t\t\t<div class=\"elementor-column elementor-col-50 elementor-top-column elementor-element elementor-element-70f7589f\" data-id=\"70f7589f\" data-element_type=\"column\">\n\t\t\t<div class=\"elementor-widget-wrap elementor-element-populated\">\n\t\t\t\t\t\t\t\t<div class=\"elementor-element elementor-element-36495168 elementor-widget elementor-widget-text-editor\" data-id=\"36495168\" data-element_type=\"widget\" data-widget_type=\"text-editor.default\">\n\t\t\t\t<div class=\"elementor-widget-container\">\n\t\t\t<style>\/*! elementor - v3.17.0 - 25-10-2023 *\/\n.elementor-widget-text-editor.elementor-drop-cap-view-stacked .elementor-drop-cap{background-color:#69727d;color:#fff}.elementor-widget-text-editor.elementor-drop-cap-view-framed .elementor-drop-cap{color:#69727d;border:3px solid;background-color:transparent}.elementor-widget-text-editor:not(.elementor-drop-cap-view-default) .elementor-drop-cap{margin-top:8px}.elementor-widget-text-editor:not(.elementor-drop-cap-view-default) .elementor-drop-cap-letter{width:1em;height:1em}.elementor-widget-text-editor .elementor-drop-cap{float:left;text-align:center;line-height:1;font-size:50px}.elementor-widget-text-editor .elementor-drop-cap-letter{display:inline-block}<\/style>\t\t\t\t<p><strong>Bereits 1870 wurde auf Initiative des ersten Rektors des Polytechnikums (sp\u00e4ter TH\/Uni), Prof. Carl J. Bach der &#8222;Akademische Verein H\u00fctte Stuttgart&#8220; gegr\u00fcndet. Ziel war, die rein technisch orientierte Ausbildung auf eine breitere akademische Basis zu stellen. Das wurde seinerzeit auch von Robert Bosch, einem der fr\u00fchen Mitglieder unterst\u00fctzt. Ihm verdanken wir auch weitgehend das nach dem Krieg wieder aufgebaute H\u00fcttehaus. Dieser &#8222;Akademische Verein&#8220; forderte von seinen studentischen Mitgliedern vielf\u00e4ltige geistige Besch\u00e4ftigungen und die \u00dcbernahme gesellschaftlicher Verantwortung. So gingen hieraus au\u00dfer Robert Bosch noch viele andere, ihren Mitarbeiten und der Gesellschaft gegen\u00fcber sehr verantwortungsvoll handelnde Unternehmer hervor, ebenso wie Professoren und andere akademische Lehrer.<\/strong><\/p>\t\t\t\t\t\t<\/div>\n\t\t\t\t<\/div>\n\t\t\t\t\t<\/div>\n\t\t<\/div>\n\t\t\t\t<div class=\"elementor-column elementor-col-50 elementor-top-column elementor-element elementor-element-316e1932\" data-id=\"316e1932\" data-element_type=\"column\" data-settings=\"{&quot;motion_fx_motion_fx_scrolling&quot;:&quot;yes&quot;,&quot;motion_fx_translateY_effect&quot;:&quot;yes&quot;,&quot;motion_fx_devices&quot;:[&quot;desktop&quot;,&quot;tablet&quot;],&quot;motion_fx_translateY_speed&quot;:{&quot;unit&quot;:&quot;px&quot;,&quot;size&quot;:4,&quot;sizes&quot;:[]},&quot;motion_fx_translateY_affectedRange&quot;:{&quot;unit&quot;:&quot;%&quot;,&quot;size&quot;:&quot;&quot;,&quot;sizes&quot;:{&quot;start&quot;:0,&quot;end&quot;:100}}}\">\n\t\t\t<div class=\"elementor-widget-wrap elementor-element-populated\">\n\t\t\t\t\t\t\t\t<div class=\"elementor-element elementor-element-6818a074 elementor-view-framed elementor-shape-circle elementor-widget elementor-widget-icon\" data-id=\"6818a074\" data-element_type=\"widget\" data-widget_type=\"icon.default\">\n\t\t\t\t<div class=\"elementor-widget-container\">\n\t\t\t\t\t<div class=\"elementor-icon-wrapper\">\n\t\t\t<div class=\"elementor-icon\">\n\t\t\t<svg xmlns=\"http:\/\/www.w3.org\/2000\/svg\" id=\"Capa_1\" height=\"512\" viewBox=\"0 0 511.998 511.998\" width=\"512\"><g><path d=\"m97.009 356.763c-.086.029-.17.061-.255.092-21.232 7.923-37.863 31.881-37.863 54.542v85.601c0 8.284 6.716 15 15 15h167.108v-110.001l-73.451-70.114z\"><\/path><path d=\"m415.245 356.854c-.085-.031-.17-.063-.255-.092l-70.538-24.879-73.452 70.114v110.001h167.107c8.284 0 15-6.716 15-15v-85.601c0-22.662-16.631-46.62-37.862-54.543z\"><\/path><path d=\"m324.814 281.945c-20.045 12.313-43.614 19.424-68.815 19.424s-48.768-7.11-68.813-19.423v27.207l68.814 65.688 68.814-65.686z\"><\/path><path d=\"m154.137 169.508c0 56.167 45.694 101.861 101.862 101.861s101.863-45.694 101.863-101.861v-42.838h-203.725z\"><\/path><path d=\"m109.134 30h45.003v66.67h203.725v-66.67h30.006v136.999c0 8.284 6.716 15 15 15s15-6.716 15-15v-151.999c0-8.284-6.716-15-15-15h-293.734c-8.284 0-15 6.716-15 15s6.716 15 15 15z\"><\/path><\/g><\/svg>\t\t\t<\/div>\n\t\t<\/div>\n\t\t\t\t<\/div>\n\t\t\t\t<\/div>\n\t\t\t\t\t<\/div>\n\t\t<\/div>\n\t\t\t\t\t\t\t<\/div>\n\t\t<\/section>\n\t\t\t\t<section class=\"elementor-section elementor-top-section elementor-element elementor-element-3d58cae1 elementor-section-boxed elementor-section-height-default elementor-section-height-default\" data-id=\"3d58cae1\" data-element_type=\"section\" data-settings=\"{&quot;background_background&quot;:&quot;classic&quot;}\">\n\t\t\t\t\t\t<div class=\"elementor-container elementor-column-gap-default\">\n\t\t\t\t\t<div class=\"elementor-column elementor-col-50 elementor-top-column elementor-element elementor-element-6d46f670\" data-id=\"6d46f670\" data-element_type=\"column\" data-settings=\"{&quot;motion_fx_motion_fx_scrolling&quot;:&quot;yes&quot;,&quot;motion_fx_translateY_effect&quot;:&quot;yes&quot;,&quot;motion_fx_devices&quot;:[&quot;desktop&quot;,&quot;tablet&quot;],&quot;motion_fx_translateY_speed&quot;:{&quot;unit&quot;:&quot;px&quot;,&quot;size&quot;:4,&quot;sizes&quot;:[]},&quot;motion_fx_translateY_affectedRange&quot;:{&quot;unit&quot;:&quot;%&quot;,&quot;size&quot;:&quot;&quot;,&quot;sizes&quot;:{&quot;start&quot;:0,&quot;end&quot;:100}}}\">\n\t\t\t<div class=\"elementor-widget-wrap elementor-element-populated\">\n\t\t\t\t\t\t\t\t<div class=\"elementor-element elementor-element-3f289d6d elementor-view-framed elementor-shape-circle elementor-widget elementor-widget-icon\" data-id=\"3f289d6d\" data-element_type=\"widget\" data-widget_type=\"icon.default\">\n\t\t\t\t<div class=\"elementor-widget-container\">\n\t\t\t\t\t<div class=\"elementor-icon-wrapper\">\n\t\t\t<div class=\"elementor-icon\">\n\t\t\t<svg xmlns=\"http:\/\/www.w3.org\/2000\/svg\" id=\"Layer_3\" height=\"512\" viewBox=\"0 0 32 32\" width=\"512\" data-name=\"Layer 3\"><path d=\"m11.429 16a5.715 5.715 0 1 0 -5.715-5.714 5.72 5.72 0 0 0 5.715 5.714z\"><\/path><path d=\"m18.905 20.721a10.434 10.434 0 0 0 -17.905 7.279 1 1 0 0 0 1 1h18.86a1 1 0 0 0 1-1 10.067 10.067 0 0 0 -.485-3.124 10.36 10.36 0 0 0 -2.47-4.155z\"><\/path><circle cx=\"23.5\" cy=\"12.25\" r=\"4.25\"><\/circle><path d=\"m23.5 17.67a7.482 7.482 0 0 0 -3.806 1.057c.217.194.436.385.641.595a12.388 12.388 0 0 1 2.952 4.966 11.488 11.488 0 0 1 .437 1.882h6.276a1 1 0 0 0 1-1 7.508 7.508 0 0 0 -7.5-7.5z\"><\/path><\/svg>\t\t\t<\/div>\n\t\t<\/div>\n\t\t\t\t<\/div>\n\t\t\t\t<\/div>\n\t\t\t\t\t<\/div>\n\t\t<\/div>\n\t\t\t\t<div class=\"elementor-column elementor-col-50 elementor-top-column elementor-element elementor-element-edababa\" data-id=\"edababa\" data-element_type=\"column\">\n\t\t\t<div class=\"elementor-widget-wrap elementor-element-populated\">\n\t\t\t\t\t\t\t\t<div class=\"elementor-element elementor-element-4b5c8cef elementor-widget elementor-widget-heading\" data-id=\"4b5c8cef\" data-element_type=\"widget\" data-widget_type=\"heading.default\">\n\t\t\t\t<div class=\"elementor-widget-container\">\n\t\t\t<h2 class=\"elementor-heading-title elementor-size-default\">Die Studienstiftung H\u00fctte Stuttgart \u2013 und wer dahinter steht<\/h2>\t\t<\/div>\n\t\t\t\t<\/div>\n\t\t\t\t<div class=\"elementor-element elementor-element-51fa4f12 elementor-widget elementor-widget-text-editor\" data-id=\"51fa4f12\" data-element_type=\"widget\" data-widget_type=\"text-editor.default\">\n\t\t\t\t<div class=\"elementor-widget-container\">\n\t\t\t\t\t\t\tDie Initiative zur Gr\u00fcndung der Studienstiftung geht von den Mitgliedern des <a href=\"https:\/\/www.huette-stuttgart.de\/\" target=\"_blank\" rel=\"noopener\">Akademischen Vereins H\u00fctte Stuttgart<\/a> aus. Dieser Verein hatte sich in den zur\u00fcckliegenden 140 Jahren zu einer &#8222;schwarzen&#8220; Studentenverbindung entwickelt, also nicht schlagend und auch keine Farben tragend. Die urspr\u00fcnglichen Ziele einer breit angelegten akademischen Bildung, nicht zuletzt auch durch gegenseitige Unterst\u00fctzung in einer Gemeinschaft, blieben jedoch erhalten. Die Gr\u00fcndungsstifter kn\u00fcpfen jetzt mit dem Aufbau der Studienstiftung sehr viel deutlicher an die gute Tradition der Gr\u00fcndergeneration des AV H\u00fctte Stuttgart an, als das in der heutigen Zeit im Rahmen einer Studentenverbindung noch m\u00f6glich ist. Der Akademische Verein und die Studienstiftung sind formal restlos unabh\u00e4ngig und die Studenten des AV H\u00fctte m\u00fcssen Initiative und Kreativit\u00e4t entfalten, wenn Sie von der Studienstiftung f\u00fcr Projekte unterst\u00fctzt werden wollen. Umgekehrt ist f\u00fcr die Studienstiftung die F\u00f6rderung einer Stipendiaten-Gruppe f\u00fcr Gemeinschaftsprojekte eine besonders wirtschaftliche Art zu f\u00f6rdern. Und zugleich ist es auch besonders effizient, da keine F\u00f6rderung einmalig ist, sondern immer einen lange nachwirkenden Prozess in Gang setzt.\t\t\t\t\t\t<\/div>\n\t\t\t\t<\/div>\n\t\t\t\t\t<\/div>\n\t\t<\/div>\n\t\t\t\t\t\t\t<\/div>\n\t\t<\/section>\n\t\t\t\t<section class=\"elementor-section elementor-top-section elementor-element elementor-element-41bf2383 elementor-reverse-mobile elementor-section-boxed elementor-section-height-default elementor-section-height-default\" data-id=\"41bf2383\" data-element_type=\"section\">\n\t\t\t\t\t\t<div class=\"elementor-container elementor-column-gap-default\">\n\t\t\t\t\t<div class=\"elementor-column elementor-col-50 elementor-top-column elementor-element elementor-element-7d0e29ba\" data-id=\"7d0e29ba\" data-element_type=\"column\">\n\t\t\t<div class=\"elementor-widget-wrap elementor-element-populated\">\n\t\t\t\t\t\t\t\t<div class=\"elementor-element elementor-element-73162a58 elementor-widget elementor-widget-heading\" data-id=\"73162a58\" data-element_type=\"widget\" data-widget_type=\"heading.default\">\n\t\t\t\t<div class=\"elementor-widget-container\">\n\t\t\t<h2 class=\"elementor-heading-title elementor-size-default\">Erfahrungen \u2013 von Generation zu Generation<\/h2>\t\t<\/div>\n\t\t\t\t<\/div>\n\t\t\t\t<div class=\"elementor-element elementor-element-7af97bcd elementor-widget elementor-widget-text-editor\" data-id=\"7af97bcd\" data-element_type=\"widget\" data-widget_type=\"text-editor.default\">\n\t\t\t\t<div class=\"elementor-widget-container\">\n\t\t\t\t\t\t\t<p>Die Essenzen der pers\u00f6nlichen Erfahrungen von Mitgliedern des AV H\u00fctte Stuttgart haben jetzt entscheidend zur Gr\u00fcndung der Studienstiftung H\u00fctte Stuttgart beigetragen:<\/p><ul><li>Die gemeinsamen und konstruktiven Aktivit\u00e4ten mit Gleichgesinnten w\u00e4hrend der Studienzeit werden verst\u00e4rkt<\/li><li>Die positive Entwicklung der eigenen Pers\u00f6nlichkeit<\/li><li>Die beispielhafte Verbindung von fachlicher Qualifikation mit menschlicher Reife<br \/><br \/><\/li><\/ul><div>Hohe Qualit\u00e4ten und wertvolle Erkenntnis, die die Mitglieder des AV H\u00fctte f\u00fcr ihr Leben gepr\u00e4gt haben und die sie heute bei der erfolgreichen F\u00fchrung von Menschen und Unternehmen t\u00e4glich unter Beweis stellen.\u00a0Jetzt sollen sie auch dem akademischen Nachwuchs leichter zug\u00e4nglich sein. F\u00fcr ein ebenso tolerantes wie verantwortungsvolles berufliches und privates Leben.\u00a0<\/div>\t\t\t\t\t\t<\/div>\n\t\t\t\t<\/div>\n\t\t\t\t\t<\/div>\n\t\t<\/div>\n\t\t\t\t<div class=\"elementor-column elementor-col-50 elementor-top-column elementor-element elementor-element-178411\" data-id=\"178411\" data-element_type=\"column\" data-settings=\"{&quot;motion_fx_motion_fx_scrolling&quot;:&quot;yes&quot;,&quot;motion_fx_translateY_effect&quot;:&quot;yes&quot;,&quot;motion_fx_devices&quot;:[&quot;desktop&quot;,&quot;tablet&quot;],&quot;motion_fx_translateY_speed&quot;:{&quot;unit&quot;:&quot;px&quot;,&quot;size&quot;:4,&quot;sizes&quot;:[]},&quot;motion_fx_translateY_affectedRange&quot;:{&quot;unit&quot;:&quot;%&quot;,&quot;size&quot;:&quot;&quot;,&quot;sizes&quot;:{&quot;start&quot;:0,&quot;end&quot;:100}}}\">\n\t\t\t<div class=\"elementor-widget-wrap elementor-element-populated\">\n\t\t\t\t\t\t\t\t<div class=\"elementor-element elementor-element-23ed50b elementor-view-framed elementor-shape-circle elementor-widget elementor-widget-icon\" data-id=\"23ed50b\" data-element_type=\"widget\" data-widget_type=\"icon.default\">\n\t\t\t\t<div class=\"elementor-widget-container\">\n\t\t\t\t\t<div class=\"elementor-icon-wrapper\">\n\t\t\t<div class=\"elementor-icon\">\n\t\t\t<svg xmlns=\"http:\/\/www.w3.org\/2000\/svg\" id=\"Capa_1\" height=\"512\" viewBox=\"0 0 512 512\" width=\"512\"><g><path d=\"m423.658 456.928c-28.494 0-55.417-10.203-76.609-28.87l-68.268 83.942h233.219v-55.523l-17.075-23.994c-20.319 15.817-45.327 24.445-71.267 24.445z\"><\/path><path d=\"m365.699 355.811-47.56-77.677c-18.373 11.702-39.709 17.964-62.139 17.964-24.665 0-48.559-7.911-68.244-22.198l-167.983 238.1h220.844z\"><\/path><path d=\"m331.861 40.083 20.348-40.083h-111.969v79.877h106.059z\"><\/path><path d=\"m256 266.098c16.789 0 32.743-4.744 46.455-13.58l-34.158-55.789h-26.744l-36.636 52.554c14.689 10.816 32.594 16.815 51.083 16.815z\"><\/path><path d=\"m423.658 426.928c19.667 0 38.602-6.698 53.843-18.929l-54.478-76.553-57.392 72.981c15.897 14.536 36.348 22.501 58.027 22.501z\"><\/path><path d=\"m240.24 109.877h30v56.852h-30z\"><\/path><path d=\"m94.164 325.91-33.948-46.641-33.396 46.991c10.463 4.381 21.742 6.666 33.251 6.666 11.891 0 23.423-2.404 34.093-7.016z\"><\/path><path d=\"m60.07 362.926c-17.777 0-35.159-4.044-50.949-11.764l-9.121 12.835v123.779l92.276-129.369c-10.361 2.981-21.17 4.519-32.206 4.519z\"><\/path><\/g><\/svg>\t\t\t<\/div>\n\t\t<\/div>\n\t\t\t\t<\/div>\n\t\t\t\t<\/div>\n\t\t\t\t\t<\/div>\n\t\t<\/div>\n\t\t\t\t\t\t\t<\/div>\n\t\t<\/section>\n\t\t\t\t\t\t\t<\/div>\n\t\t","protected":false},"excerpt":{"rendered":"<p>Akademiker&shy;f\u00f6rderung hat bei uns Tradition. Bereits 1870 wurde auf Initiative des ersten Rektors des Polytechnikums (sp\u00e4ter TH\/Uni), Prof. Carl J. Bach der &#8222;Akademische Verein H\u00fctte Stuttgart&#8220; gegr\u00fcndet. Ziel war, die rein technisch orientierte Ausbildung auf eine breitere akademische Basis zu stellen. Das wurde seinerzeit auch von Robert Bosch, einem der fr\u00fchen Mitglieder unterst\u00fctzt. Ihm verdanken [&hellip;]<\/p>\n","protected":false},"author":1,"featured_media":0,"parent":0,"menu_order":0,"comment_status":"closed","ping_status":"closed","template":"elementor_header_footer","meta":{"footnotes":""},"_links":{"self":[{"href":"https:\/\/studienstiftung.kd-files.de\/index.php?rest_route=\/wp\/v2\/pages\/145"}],"collection":[{"href":"https:\/\/studienstiftung.kd-files.de\/index.php?rest_route=\/wp\/v2\/pages"}],"about":[{"href":"https:\/\/studienstiftung.kd-files.de\/index.php?rest_route=\/wp\/v2\/types\/page"}],"author":[{"embeddable":true,"href":"https:\/\/studienstiftung.kd-files.de\/index.php?rest_route=\/wp\/v2\/users\/1"}],"replies":[{"embeddable":true,"href":"https:\/\/studienstiftung.kd-files.de\/index.php?rest_route=%2Fwp%2Fv2%2Fcomments&post=145"}],"version-history":[{"count":22,"href":"https:\/\/studienstiftung.kd-files.de\/index.php?rest_route=\/wp\/v2\/pages\/145\/revisions"}],"predecessor-version":[{"id":281,"href":"https:\/\/studienstiftung.kd-files.de\/index.php?rest_route=\/wp\/v2\/pages\/145\/revisions\/281"}],"wp:attachment":[{"href":"https:\/\/studienstiftung.kd-files.de\/index.php?rest_route=%2Fwp%2Fv2%2Fmedia&parent=145"}],"curies":[{"name":"wp","href":"https:\/\/api.w.org\/{rel}","templated":true}]}}